(-6). Let a(z) = -z**3 + 6*z**2 - 4*z - 2. Let t be a(s). Let g = 7 - t. What is the units digit of g?
4
Let j(q) be the third derivative of -q**5/60 - 7*q**4/24 + q**3/3 + q**2. Let y be j(-7). Suppose 2*b = -y*b + 84. What is the units digit of b?
1
Let z be (4/(-6))/((-4)/18). Suppose -34*o + 3450 = -11*o. Suppose 0 = z*j - o + 60. What is the tens digit of j?
3
Let g(m) = 9*m**2 + m + 1717. What is the units digit of g(0)?
7
Suppose 58 = -9*o + 11*o. Suppose 3*y - n = 85, 2*y = 3*y - n - o. Let g = 48 - y. What is the units digit of g?
0
What is the hundreds digit of ((-7828)/(-6))/19*51/2?
7
Suppose 8*d = 11*d + 144. Let j = d - -62. What is the tens digit of j?
1
Let x(j) = -j. Let z be x(-6). What is the units digit of 1104/22 - z/33?
0
Let q(v) = -2*v**3 + 5*v**3 - 13 - 12*v - 4*v**3 - 12*v**2 + 2. Let f be q(-11). Suppose -5*h + 4*h - 75 = -3*n, -5*h = f. What is the units digit of n?
5
Suppose -8*q + 596 = -8260. What is the tens digit of q?
0
Let x = 1238 + -127. What is the tens digit of x?
1
Suppose 2*a = h + 5, -a - 5*h - 5 = -2. Suppose 0 = t + 5*d - 8, a*t = d - 4*d + 37. Let f = 42 - t. What is the tens digit of f?
1
Suppose 2*s = 6*s - 12. Suppose -s*x - 5*h + 2 = -h, -3*h - 3 = 0. Let w = x - -3. What is the units digit of w?
5
Let x = 550 - -983. What is the tens digit of x?
3
Let p = -24 - -32. Let k(x) = 2*x**2 + 6*x - 12. What is the tens digit of k(p)?
6
Let w(b) = -b**3 + b**2 + 2*b - 2. Let q be w(2). Let j be 0/(-5)*(-1)/q. Suppose 4*c - 27 = -f, j = -4*c + f + 2*f + 47. What is the units digit of c?
8
Let q = -12 + 6. Let r be (-2)/q - 2/6. Suppose 2*w - 70 = -2*z - r*z, -z = 2. What is the tens digit of w?
3
Suppose -54*p + 33*p + 26019 = 0. What is the tens digit of p?
3
Let z = 374 - 300. What is the tens digit of z?
7
Let o(a) = -a**3 + 25*a**2 - 16*a + 33. Suppose 48 = 2*t + 2*p, 0*t - p = 4*t - 96. What is the tens digit of o(t)?
2
Let b = 28 - 23. Suppose 2*v - 5*z = b*v + 25, 20 = -v - 4*z. Suppose -4*i + v*h + h + 54 = 0, 4*i = 2*h + 56. What is the tens digit of i?
1
Let v = -19 + 19. Let u = -1 + v. What is the units digit of u/3 - (-1524)/36?
2
What is the hundreds digit of 436/(7/(-7)*-1)?
4
Let n be 2/(-7) + (-6)/(-21). Suppose 4*q = -n*q. Suppose r - 5*b - 14 = q, -3*b = -5*r + 25 + 67. What is the units digit of r?
9
Let q(m) = m**3 + 7*m**2 - m + 4. Let w = 2 - 9. Let n be q(w). Suppose 2*o + 7 = n. What is the units digit of o?
2
Let n = -22 + 37. Suppose -4*f - 2 + n = -3*q, -3*f + 4*q = -8. Suppose -f*c = -5*t - 96, 0*c + 3*t = 2*c - 48. What is the tens digit of c?
2
Let c(s) = 23*s**2 - 4*s + 1. Let p(f) = -22*f**2 + 5*f - 1. Let o(q) = 4*c(q) + 3*p(q). Let u be o(2). Let x = u - 73. What is the units digit of x?
0
Let q(z) = -z**3 + 2*z**2 - 6*z + 6. Let y be q(2). What is the tens digit of ((-40)/y)/((-2)/(-15))?
5
Let i = 46 - 6. Let p be i/30 + (-40)/3. What is the units digit of -4 + p*(-9)/6?
4
Suppose 8*i - 7146 = -10*i. What is the units digit of i?
7
Suppose 8 = -3*u - 2*d + 39, 0 = -d + 2. What is the tens digit of 366/u + (-2)/3?
4
Let x(h) be the first derivative of -17/2*h**2 - 4 - 1/3*h**3 - 16*h. What is the units digit of x(-11)?
0
What is the units digit of (-1 - -87)/((425/(-34))/(-25))?
2
Suppose 5*i - 23 = -2*x, 0*i = x + 2*i - 10. Suppose d - x = -0*d. Suppose 6*z = 3*z - 3*l + 198, -5*z = -d*l - 312. What is the units digit of z?
4
What is the hundreds digit of (963 - -19)*(-1)/(-2)?
4
Let m be ((-108)/15)/((-1)/(-5)). Suppose 2*x = -3*r + 2, 6*x + r - 18 = x. What is the tens digit of m/(-27)*90/x?
3
Let j be (51/(-12))/(2/(-8)). Let l = -3 - -3. Suppose i - 3*d = 2, 3*i + 2*d + l*d = j. What is the units digit of i?
5
Let w = 1220 + 35. What is the tens digit of w?
5
Suppose -6*p = -14702 - 8038. What is the units digit of p?
0
Let q(n) = 324*n**2 + 16*n - 32. What is the thousands digit of q(-3)?
2
Let k = -140 + 92. What is the tens digit of 2/12 - -1402*(-4)/k?
1
Suppose k - 8892 = -5*r, -16*k + 11*k = -5*r + 8880. What is the tens digit of r?
7
Suppose -9*k + 1020 = -6*k. What is the tens digit of (-6)/5*k/(-6)?
6
Let x(f) = f**3 - 16*f**2 + 11*f + 195. What is the tens digit of x(19)?
8
Let l = -292 - -572. What is the tens digit of l?
8
Suppose -76 + 8 = -2*s + 4*y, s = -3*y + 24. Suppose 36*a = s*a + 1386. What is the units digit of a?
1
Let z(c) = -3*c + 17. Let p be z(-9). Let v = -24 + p. What is the units digit of v?
0
Let u(p) = -3*p + 9. Let o be u(0). Suppose 4*b = 0, o = j + b - 2*b. What is the units digit of j?
9
Suppose -43 = 3*k - 103. Suppose 0 = 5*t - 5*b - 90, 3*b = 2*t - k - 11. Let h = 8 + t. What is the units digit of h?
1
Suppose -154*r + 153*r + 3349 = 0. What is the tens digit of r?
4
Suppose 4*s - 4*h + 16 = 0, -6*h + 23 = -5*s - 2*h. Let n(q) = q**3 + 7*q**2 + 3*q + 4. Let p be n(s). Let d = 21 + p. What is the units digit of d?
4
Let a(v) = v**2 + 14*v + 251. What is the units digit of a(34)?
3
Suppose -g = p - 339, -3*p + 4*p = -5*g + 343. What is the tens digit of p?
3
Let f(k) = 3*k**3 - 4*k**2 + 4. Let x be f(4). Suppose -4*i = -4 - 8, 4*i = -5*r + x. What is the tens digit of r?
2
Let c = -795 + 1183. What is the tens digit of c?
8
What is the units digit of (-3 - 171/(-7)) + (-18)/42?
1
Let z = -2220 + 2354. What is the tens digit of z?
3
Suppose 2*d - s = s - 2, 4*s - 12 = 0. Suppose 91 - 297 = -3*z - d*c, -z - 4*c = -62. What is the tens digit of z?
7
Let h(n) = -n**3 - 8*n**2 + 9*n + 12. Let g be h(-7). Let w = g - -146. What is the units digit of w?
6
Suppose -6*m = 33 - 219. Let o = m + 15. What is the units digit of o?
6
Suppose 2*l = 3*m - 2 + 3, 0 = 5*l - 3*m + 2. What is the hundreds digit of 444/4 - l - (3 + -6)?
1
Let c(a) = -3*a - 3. Let q be c(-2). Let l(n) = -q*n**2 + n**2 - n**2 - 4 + 2*n**2 + 13*n. What is the tens digit of l(10)?
2
Let i(x) = -x + 24. Suppose -k = -4, 4*h - 4*k + 16 = -0*k. Suppose h*a = 5*a. What is the units digit of i(a)?
4
Suppose v + 4*x = 49 + 813, 0 = -5*x - 15. What is the units digit of v?
4
Suppose 0 = 2*b + 4*t - 1662, 0 = b + 2*b + 2*t - 2477. What is the tens digit of b?
2
Let f = -2504 + 2662. What is the hundreds digit of f?
1
Suppose -5*n = -2*s - 5153 + 1591, 0 = 2*n - 5*s - 1408. Suppose 7*u = u + n. What is the tens digit of u?
1
What is the thousands digit of (-1404)/24*(-1 - (48 + 1))?
2
Let t(d) = -d - 8. Let w(u) = -12*u - 88. Let s(l) = 32*t(l) - 3*w(l). Suppose -4*i - 22 = -0*z - 2*z, 30 = 4*z - i. What is the units digit of s(z)?
6
Suppose 12*q - 2661 = 9*q. What is the hundreds digit of q?
8
What is the tens digit of ((12 + 3)/(-5))/(6/(-908))?
5
Suppose 10*f - 4892 - 2468 = 0. What is the tens digit of f?
3
Let u(c) = -c**3 + 8*c**2 - 4*c + 1. Suppose 4*x = 16, 0*k + 2*x = 2*k - 4. Let r be u(k). Suppose 6*g + z = g + r, z - 39 = -4*g. What is the tens digit of g?
1
Let g be 6/2 + (-48)/16. Suppose 2*y - 5*d - 95 = 10, 2*y - 2*d - 120 = g. What is the units digit of y?
5
Suppose -7872 = -14*l - 1208. What is the units digit of l?
6
Let j(q) = -q + 7. Let k be j(-5). Let b be (k/15)/((-1)/(-5)). Suppose -b*x - 26 = -66. What is the tens digit of x?
1
Suppose 4 = -5*q + 3*q. Let b be q/6 - (-65)/15. Suppose t = b*r + 22, t - r - 55 = -2*t. What is the tens digit of t?
1
Suppose 5*r + 1440 = 5*x, -2*x + 3*r + 68 = -505. What is the tens digit of x?
9
Let m be (17 + -4 - 3)*10. Suppose 0 = 2*s + 2*s - m. Let q = 39 - s. What is the units digit of q?
4
Let k(p) = 12*p**2 - 7*p + 27. Let z be k(6). Suppose 4*o - 2*g + 119 = z, 0 = 2*g - 10. What is the units digit of o?
7
Let n = -36 - -7. Let l = -21 - n. What is the tens digit of l/(-20) - 114/(-10)?
1
Let v(u) = 5*u**2 - 60*u + 41. What is the tens digit of v(17)?
6
Let m be (-65)/(-15) - 1/3. Let a be (5/m)/((-2)/8). Let n = 28 - a. What is the tens digit of n?
3
What is the hundreds digit of 480 + (-14)/7*4?
4
Suppose 2*m - 4*m + 2*j = -158, 3*m - 222 = -2*j. Let i = m + -46. What is the units digit of (-434)/(-12) + (-5)/i?
6
Suppose 0 = -0*i - 3*i + 147. Let w = i - -21. What is the tens digit of w?
7
Let z(w) = 8*w - 3. Let o be z(2). Suppose 2*r - 26 = -2*b - 0, o = b - 2*r. What is the tens digit of b?
1
Let c(x) = 6*x**2 + 11*x - 90. What is the tens digit of c(6)?
9
What is the tens digit of -205*(-3 - ((-6)/(-3)